ands digit of 1030376?
0
What is the millions digit of 1011176?
1
What is the hundreds digit of 726252?
2
What is the units digit of 260809?
9
What is the millions digit of 40178013?
0
What is the tens digit of 294583?
8
What is the hundred thousands digit of 247399?
2
What is the hundred thousands digit of 736065?
7
What is the units digit of 416956?
6
What is the hundred thousands digit of 333600?
3
What is the units digit of 40020?
0
What is the units digit of 70824?
4
What is the thousands digit of 5702217?
2
What is the hundred thousands digit of 604808?
6
What is the hundreds digit of 106501?
5
What is the tens digit of 4013528?
2
What is the ten thousands digit of 629614?
2
What is the tens digit of 522867?
6
What is the millions digit of 19293778?
9
What is the ten thousands digit of 100602?
0
What is the hundred thousands digit of 10090620?
0
What is the units digit of 1119201?
1
What is the hundreds digit of 629809?
8
What is the hundreds digit of 356960?
9
What is the hundreds digit of 12017932?
9
What is the tens digit of 567687?
8
What is the tens digit of 17883?
8
What is the hundred thousands digit of 2525311?
5
What is the ten thousands digit of 102206?
0
What is the hundred thousands digit of 4591202?
5
What is the ten thousands digit of 5220814?
2
What is the thousands digit of 2168610?
8
What is the units digit of 50909?
9
What is the thousands digit of 369537?
9
What is the hundreds digit of 69894?
8
What is the tens digit of 1567240?
4
What is the hundreds digit of 3344037?
0
What is the ten thousands digit of 5497059?
9
What is the hundreds digit of 2193276?
2
What is the hundreds digit of 62638?
6
What is the hundred thousands digit of 297332?
2
What is the millions digit of 6978563?
6
What is the ten millions digit of 26926989?
2
What is the hundreds digit of 20717827?
8
What is the hundred thousands digit of 2436661?
4
What is the millions digit of 5646690?
5
What is the ten thousands digit of 6058196?
5
What is the hundreds digit of 1771303?
3
What is the tens digit of 1704039?
3
What is the ten millions digit of 11570191?
1
What is the tens digit of 8805313?
1
What is the tens digit of 2735?
3
What is the tens digit of 824419?
1
What is the hundred thousands digit of 5307180?
3
What is the hundreds digit of 9859?
8
What is the thousands digit of 15294544?
4
What is the hundred thousands digit of 135950?
1
What is the hundreds digit of 180131?
1
What is the hundred thousands digit of 4782699?
7
What is the units digit of 61622?
2
What is the hundreds digit of 119114?
1
What is the thousands digit of 142756?
2
What is the units digit of 4108754?
4
What is the hundred thousands digit of 9076739?
0
What is the ten thousands digit of 1409582?
0
What is the tens digit of 1977966?
6
What is the hundred thousands digit of 1600684?
6
What is the tens digit of 14384618?
1
What is the units digit of 42473?
3
What is the thousands digit of 549247?
9
What is the ten thousands digit of 334174?
3
What is the thousands digit of 1489627?
9
What is the hundreds digit of 672074?
0
What is the units digit of 712906?
6
What is the hundred thousands digit of 244915?
2
What is the thousands digit of 6182292?
2
What is the ten thousands digit of 1245260?
4
What is the ten thousands digit of 1444610?
4
What is the hundreds digit of 257204?
2
What is the tens digit of 4792608?
0
What is the hundred thousands digit of 37019053?
0
What is the hundred thousands digit of 4333585?
3
What is the hundreds digit of 2360398?
3
What is the thousands digit of 3484970?
4
What is the tens digit of 2439966?
6
What is the ten thousands digit of 429226?
2
What is the units digit of 468937?
7
What is the units digit of 1216982?
2
What is the tens digit of 475369?
6
What is the ten thousands digit of 551046?
5
What is the ten thousands digit of 4042916?
4
What is the thousands digit of 10818514?
8
What is the ten thousands digit of 291153?
9
What is the ten thousands digit of 148107?
4
What is the hundred thousands digit of 9986387?
9
What is the thousands digit of 3107321?
7
What is the hundred thousands digit of 3995685?
9
What is the tens digit of 541882?
8
What is the ten thousands digit of 6453138?
5
What is the hundreds digit of 27955267?
2
What is the hundred thousands digit of 309657?
3
What is the tens digit of 3606654?
5
What is the units digit of 10173?
3
What is the millions digit of 25046356?
5
What is the hundreds digit of 15463190?
1
What is the ten thousands digit of 329058?
2
What is the tens digit of 7024866?
6
What is the thousands digit of 660534?
0
What is the tens digit of 4146059?
5
What is the thousands digit of 6451309?
1
What is the hundred thousands digit of 808529?
8
What is the units digit of 8286921?
1
What is the tens digit of 688925?
2
What is the hundred thousands digit of 191434?
1
What is the ten thousands digit of 1752694?
5
What is the thousands digit of 1096026?
6
What is the tens digit of 223558?
5
What is the hundreds digit of 292272?
2
What is the units digit of 19890?
0
What is the hundred thousands digit of 801165?
8
What is the units digit of 591425?
5
What is the thousands digit of 696260?
6
What is the tens digit of 11678722?
2
What is the hundred thousands digit of 351702?
3
What is the hundred thousands digit of 336199?
3
What is the units digit of 91477?
7
What is the hundreds digit of 575016?
0
What is the hundreds digit of 3148778?
7
What is the hundred thousands digit of 374379?
3
What is the ten thousands digit of 18631?
1
What is the hundreds digit of 1374217?
2
What is the hundreds digit of 1414303?
3
What is the hundreds digit of 3693357?
3
What is the hundreds digit of 1146584?
5
What is the ten thousands digit of 1206971?
0
What is the tens digit of 4443419?
1
What is the ten thousands digit of 14190378?
9
What is the hundreds digit of 132734?
7
What is the ten thousands digit of 594002?
9
What is the hundreds digit of 1963825?
8
What is the units digit of 9836524?
4
What is the tens digit of 78?
7
What is the hundreds digit of 1329379?
3
What is the ten millions digit of 15834565?
1
What is the ten thousands digit of 1080839?
8
What is the thousands digit of 490920?
0
What is the units digit of 896158?
8
What is the hundreds digit of 430137?
1
What is the ten thousands digit of 12604528?
0
What is the units digit of 310505?
5
What is the millions digit of 10943154?
0
What is the ten thousands digit of 573750?
7
What is the units digit of 574448?
8
What is the units digit of 10609582?
2
What is the tens digit of 13697888?
8
What is the ten thousands digit of 5265668?
6
What is the millions digit of 2198878?
2
What is the hundred thousands digit of 14323023?
3
What is the units digit of 10219225?
5
What is the thousands digit of 1767184?
7
What is the thousands digit of 332199?
2
What is the ten thousands digit of 863595?
6
What is the ten thousands digit of 949795?
4
What is the thousands digit of 4199670?
9
What is the ten thousands digit of 499611?
9
What is the thousands digit of 352831?
2
What is the hundreds digit of 804994?
9
What is the units digit of 1480547?
7
What is the units digit of 67553?
3
What is the hundred thousands digit of 721087?
7
What is the hundred thousands digit of 3586297?
5
What is the thousands digit of 460455?
0
What is the thousands digit of 192262?
2
What is the hundreds digit of 367611?
6
What is the ten thousands digit of 14567681?
6
What is the thousands digit of 4873336?
3
What is the hundreds digit of 9741688?
6
What is the thousands digit of 1107607?
7
What is the hundreds digit of 960311?
3
What is the ten thousands digit of 661446?
6
What is the millions digit of 7655741?
7
What is the tens digit of 7741640?
4
What is the tens digit of 56070?
7
What is the hundreds digit of 275024?
0
What is the ten thousands digit of 84830?
8
What is the thousands digit of 758337?
8
What is the hundreds digit of 26454?
4
What is the tens digit of 97028?
2
What is the hundreds digit of 140189?
1
What is the hundred thousands digit of 2925442?
9
What is the millions digit of 7506730?
7
What is the tens digit of 6820721?
2
What is the units digit of 995737?
7
What is the ten thousands digit of 854060?
5
What is the hundreds digit of 152265?
2
What is the ten thousands digit of 